
1
What is the tens digit of 3812?
1
What is the tens digit of 161777?
7
What is the tens digit of 4624?
2
What is the tens digit of 20883?
8
What is the tens digit of 20715?
1
What is the thousands digit of 1071?
1
What is the units digit of 306?
6
What is the tens digit of 713?
1
What is the thousands digit of 9055?
9
What is the units digit of 23302?
2
What is the thousands digit of 16687?
6
What is the units digit of 1487?
7
What is the hundreds digit of 5749?
7
What is the hundreds digit of 3245?
2
What is the thousands digit of 29124?
9
What is the tens digit of 84632?
3
What is the units digit of 117368?
8
What is the hundreds digit of 15171?
1
What is the units digit of 931?
1
What is the tens digit of 634?
3
What is the units digit of 9162?
2
What is the thousands digit of 2339?
2
What is the hundreds digit of 14764?
7
What is the units digit of 4936?
6
What is the thousands digit of 1405?
1
What is the thousands digit of 12853?
2
What is the tens digit of 5340?
4
What is the tens digit of 15930?
3
What is the units digit of 3887?
7
What is the units digit of 466?
6
What is the tens digit of 10034?
3
What is the ten thousands digit of 38186?
3
What is the ten thousands digit of 77298?
7
What is the thousands digit of 10209?
0
What is the units digit of 678?
8
What is the ten thousands digit of 107763?
0
What is the hundreds digit of 957?
9
What is the thousands digit of 1612?
1
What is the units digit of 196?
6
What is the hundred thousands digit of 104353?
1
What is the units digit of 3553?
3
What is the units digit of 110052?
2
What is the thousands digit of 2251?
2
What is the hundreds digit of 35116?
1
What is the tens digit of 118357?
5
What is the hundreds digit of 5754?
7
What is the units digit of 11513?
3
What is the thousands digit of 17774?
7
What is the hundreds digit of 2057?
0
What is the tens digit of 96462?
6
What is the units digit of 1497?
7
What is the units digit of 23875?
5
What is the tens digit of 9262?
6
What is the hundreds digit of 1644?
6
What is the tens digit of 1562?
6
What is the units digit of 2796?
6
What is the thousands digit of 9699?
9
What is the hundreds digit of 130?
1
What is the tens digit of 9773?
7
What is the hundreds digit of 9394?
3
What is the tens digit of 17343?
4
What is the ten thousands digit of 44644?
4
What is the tens digit of 106251?
5
What is the units digit of 7601?
1
What is the tens digit of 462?
6
What is the tens digit of 6090?
9
What is the units digit of 1126?
6
What is the thousands digit of 1531?
1
What is the tens digit of 3281?
8
What is the hundreds digit of 90761?
7
What is the thousands digit of 102606?
2
What is the tens digit of 2644?
4
What is the tens digit of 11034?
3
What is the thousands digit of 9276?
9
What is the thousands digit of 1574?
1
What is the hundreds digit of 83097?
0
What is the thousands digit of 41590?
1
What is the units digit of 2561?
1
What is the units digit of 3506?
6
What is the thousands digit of 1705?
1
What is the tens digit of 76506?
0
What is the tens digit of 5827?
2
What is the thousands digit of 54661?
4
What is the tens digit of 42333?
3
What is the ten thousands digit of 11502?
1
What is the units digit of 2710?
0
What is the tens digit of 2769?
6
What is the hundreds digit of 1662?
6
What is the units digit of 6211?
1
What is the ten thousands digit of 15881?
1
What is the tens digit of 4013?
1
What is the ten thousands digit of 74905?
7
What is the tens digit of 171055?
5
What is the units digit of 1026?
6
What is the ten thousands digit of 14595?
1
What is the ten thousands digit of 68170?
6
What is the units digit of 1729?
9
What is the units digit of 45688?
8
What is the tens digit of 1744?
4
What is the hundreds digit of 5726?
7
What is the units digit of 222?
2
What is the thousands digit of 25182?
5
What is the units digit of 1541?
1
What is the tens digit of 5188?
8
What is the hundreds digit of 180072?
0
What is the units digit of 641?
1
What is the units digit of 824?
4
What is the units digit of 1125?
5
What is the hundreds digit of 49969?
9
What is the thousands digit of 106896?
6
What is the hundreds digit of 577?
5
What is the units digit of 31604?
4
What is the tens digit of 34814?
1
What is the thousands digit of 14129?
4
What is the tens digit of 1476?
7
What is the tens digit of 100105?
0
What is the thousands digit of 20661?
0
What is the tens digit of 12229?
2
What is the tens digit of 1040?
4
What is the hundreds digit of 31863?
8
What is the tens digit of 3162?
6
What is the thousands digit of 2427?
2
What is the hundreds digit of 2402?
4
What is the hundreds digit of 1378?
3
What is the units digit of 8583?
3
What is the units digit of 6748?
8
What is the thousands digit of 9902?
9
What is the tens digit of 7441?
4
What is the hundreds digit of 20080?
0
What is the units digit of 13301?
1
What is the hundreds digit of 914?
9
What is the hundreds digit of 3064?
0
What is the hundreds digit of 2860?
8
What is the tens digit of 416?
1
What is the tens digit of 17577?
7
What is the ten thousands digit of 45702?
4
What is the hundreds digit of 32364?
3
What is the hundreds digit of 1592?
5
What is the units digit of 2449?
9
What is the ten thousands digit of 35713?
3
What is the tens digit of 2231?
3
What is the tens digit of 550?
5
What is the hundreds digit of 33549?
5
What is the tens digit of 1416?
1
What is the tens digit of 639?
3
What is the tens digit of 29706?
0
What is the tens digit of 4411?
1
What is the units digit of 4345?
5
What is the units digit of 640?
0
What is the tens digit of 2151?
5
What is the hundreds digit of 2300?
3
What is the tens digit of 2252?
5
What is the units digit of 2604?
4
What is the thousands digit of 48995?
8
What is the ten thousands digit of 34384?
3
What is the tens digit of 23?
2
What is the thousands digit of 53335?
3
What is the tens digit of 7199?
9
What is the tens digit of 3499?
9
What is the tens digit of 3356?
5
What is the hundreds digit of 5640?
6
What is the tens digit of 7772?
7
What is the ten thousands digit of 86935?
8
What is the thousands digit of 73171?
3
What is the units digit of 79?
9
What is the hundreds digit of 195?
1
What is the tens digit of 6276?
7
What is the units digit of 5097?
7
What is the ten thousands digit of 31937?
3
What is the tens digit of 394?
9
What is the ten thousands digit of 10582?
1
What is the ten thousands digit of 205204?
0
What is the ten thousands digit of 36105?
3
What is the thousands digit of 9696?
9
What is the tens digit of 8596?
9
What is the units digit of 36122?
2
What is the hundreds digit of 1595?
5
What is the thousands digit of 14865?
4
What is the tens digit of 1048?
4
What is the thousands digit of 12795?
2
What is the thousands digit of 11417?
1
What is the hundreds digit of 5165?
1
What is the units digit of 920?
0
What is the units digit of 3527?
7
What is the tens digit of 2407?
0
What is the units digit of 63382?
2
What is the hundreds digit of 2938?
9
What is the thousands digit of 12469?
2
What is the tens digit of 7244?
4
What is the thousands digit of 17088?
7
What is the hundreds digit of 30278?
2
What is the units digit of 611?
1
What is the hundreds digit of 283?
2
What is the thousands digit of 1250?
1
What is the tens digit of 2509?
0
What is the hundreds digit of 7968?
9
What is the thousands digit of 2926?
2
What is the thousands digit of 4344?
4
What is the thousands digit of 23384?
3
What is the units digit of 4694?
4
What is the hundreds digit of 190845?
8
What is the hundreds digit of 91163?
1
What is the hundreds digit of 2217?
2
What is the units digit of 933?
3
What is the thousands digit of 1507?
1
What is the thousands digit of 49952?
9
What is the units digit of 6236?
6
What is the units digit of 46802?
2
What is the tens digit of 264?
6
What is the tens digit of 8885?
8
What is the units digit of 4843?
3
What is the tens digit of 6830?
3
What is the thousands digit of 1763?
1
What is the units digit of 996?
6
What is the thousands digit of 18045?
8
What is the units digit of 30886?
6
What is the hundreds digit of 699?
6
What is the ten thousands digit of 45347?
4
What is the hundreds digit of 15410?
4
What is the thousands digit of 23814?
3
What is the tens digit of 217